{"id":836,"date":"2024-02-28T15:35:34","date_gmt":"2024-02-28T14:35:34","guid":{"rendered":"https:\/\/oceanvrent.com\/?page_id=836"},"modified":"2024-02-28T15:39:05","modified_gmt":"2024-02-28T14:39:05","slug":"politica-de-cookies","status":"publish","type":"page","link":"https:\/\/oceanvrent.com\/index.php\/politica-de-cookies\/","title":{"rendered":"Pol\u00edtica de cookies"},"content":{"rendered":"\n<h4 class=\"wp-block-heading has-text-align-center has-x-large-font-size\" style=\"font-style:normal;font-weight:800\">Pol\u00edtica de Cookies<\/h4>\n\n\n\n<h4 class=\"wp-block-heading\">\u00bfQu\u00e9 son las cookies?<\/h4>\n\n\n\n<p>Las cookies son peque\u00f1os archivos de texto que se almacenan en su dispositivo cuando visita un sitio web. Estos archivos contienen informaci\u00f3n que se utiliza para mejorar su experiencia de navegaci\u00f3n y para proporcionarle servicios personalizados.<\/p>\n\n\n\n<h4 class=\"wp-block-heading\">\u00bfC\u00f3mo utilizamos las cookies?<\/h4>\n\n\n\n<p>En Oceanvrent, utilizamos cookies para:<\/p>\n\n\n\n<ul class=\"wp-block-list\">\n<li>Mejorar la funcionalidad de nuestro sitio web.<\/li>\n\n\n\n<li>Personalizar su experiencia de navegaci\u00f3n.<\/li>\n\n\n\n<li>Analizar el tr\u00e1fico del sitio y las tendencias de uso.<\/li>\n<\/ul>\n\n\n\n<h4 class=\"wp-block-heading\">Tipos de cookies que utilizamos<\/h4>\n\n\n\n<ul class=\"wp-block-list\">\n<li><strong>Cookies esenciales<\/strong>: Estas cookies son necesarias para que el sitio web funcione correctamente. No se pueden desactivar.<\/li>\n\n\n\n<li><strong>Cookies de rendimiento<\/strong>: Estas cookies nos ayudan a entender c\u00f3mo interact\u00faa con nuestro sitio web, lo que nos permite mejorar su funcionalidad.<\/li>\n\n\n\n<li><strong>Cookies de funcionalidad<\/strong>: Estas cookies se utilizan para recordar sus preferencias y personalizar su experiencia de navegaci\u00f3n.<\/li>\n\n\n\n<li><strong>Cookies de terceros<\/strong>: Algunas de nuestras p\u00e1ginas pueden contener contenido incrustado de proveedores de terceros, como v\u00eddeos de YouTube o botones para compartir en redes sociales. Estos proveedores pueden establecer sus propias cookies, las cuales est\u00e1n sujetas a sus propias pol\u00edticas de privacidad.<\/li>\n<\/ul>\n\n\n\n<h4 class=\"wp-block-heading\">Control de cookies<\/h4>\n\n\n\n<p>Puede controlar y\/o eliminar las cookies seg\u00fan sus preferencias. Para m\u00e1s informaci\u00f3n, consulte la secci\u00f3n de ayuda de su navegador o visite <a href=\"http:\/\/www.allaboutcookies.org\" data-type=\"link\" data-id=\"www.allaboutcookies.org\">www.allaboutcookies.org.<\/a><\/p>\n\n\n\n<div style=\"height:200px\" aria-hidden=\"true\" class=\"wp-block-spacer\"><\/div>\n","protected":false},"excerpt":{"rendered":"<p>Pol\u00edtica de Cookies \u00bfQu\u00e9 son las cookies? Las cookies son peque\u00f1os archivos de texto que se almacenan en su dispositivo cuando visita un sitio web. Estos archivos contienen informaci\u00f3n que se utiliza para mejorar su experiencia de navegaci\u00f3n y para proporcionarle servicios personalizados. \u00bfC\u00f3mo utilizamos las cookies? En Oceanvrent, utilizamos cookies para: Tipos de cookies [&hellip;]<\/p>\n","protected":false},"author":1,"featured_media":0,"parent":0,"menu_order":0,"comment_status":"closed","ping_status":"closed","template":"","meta":{"_uag_custom_page_level_css":"","site-sidebar-layout":"default","site-content-layout":"","ast-site-content-layout":"default","site-content-style":"default","site-sidebar-style":"default","ast-global-header-display":"","ast-banner-title-visibility":"","ast-main-header-display":"","ast-hfb-above-header-display":"","ast-hfb-below-header-display":"","ast-hfb-mobile-header-display":"","site-post-title":"disabled","ast-breadcrumbs-content":"","ast-featured-img":"","footer-sml-layout":"","theme-transparent-header-meta":"","adv-header-id-meta":"","stick-header-meta":"","header-above-stick-meta":"","header-main-stick-meta":"","header-below-stick-meta":"","astra-migrate-meta-layouts":"set","ast-page-background-enabled":"default","ast-page-background-meta":{"desktop":{"background-color":"var(--ast-global-color-4)","background-image":"","background-repeat":"repeat","background-position":"center center","background-size":"auto","background-attachment":"scroll","background-type":"","background-media":"","overlay-type":"","overlay-color":"","overlay-opacity":"","overlay-gradient":""},"tablet":{"background-color":"","background-image":"","background-repeat":"repeat","background-position":"center center","background-size":"auto","background-attachment":"scroll","background-type":"","background-media":"","overlay-type":"","overlay-color":"","overlay-opacity":"","overlay-gradient":""},"mobile":{"background-color":"","background-image":"","background-repeat":"repeat","background-position":"center center","background-size":"auto","background-attachment":"scroll","background-type":"","background-media":"","overlay-type":"","overlay-color":"","overlay-opacity":"","overlay-gradient":""}},"ast-content-background-meta":{"desktop":{"background-color":"var(--ast-global-color-5)","background-image":"","background-repeat":"repeat","background-position":"center center","background-size":"auto","background-attachment":"scroll","background-type":"","background-media":"","overlay-type":"","overlay-color":"","overlay-opacity":"","overlay-gradient":""},"tablet":{"background-color":"var(--ast-global-color-5)","background-image":"","background-repeat":"repeat","background-position":"center center","background-size":"auto","background-attachment":"scroll","background-type":"","background-media":"","overlay-type":"","overlay-color":"","overlay-opacity":"","overlay-gradient":""},"mobile":{"background-color":"var(--ast-global-color-5)","background-image":"","background-repeat":"repeat","background-position":"center center","background-size":"auto","background-attachment":"scroll","background-type":"","background-media":"","overlay-type":"","overlay-color":"","overlay-opacity":"","overlay-gradient":""}},"footnotes":""},"class_list":["post-836","page","type-page","status-publish","hentry"],"uagb_featured_image_src":{"full":false,"thumbnail":false,"medium":false,"medium_large":false,"large":false,"1536x1536":false,"2048x2048":false},"uagb_author_info":{"display_name":"oceanvrent.com","author_link":"https:\/\/oceanvrent.com\/index.php\/author\/oceanvrent-com\/"},"uagb_comment_info":0,"uagb_excerpt":"Pol\u00edtica de Cookies \u00bfQu\u00e9 son las cookies? Las cookies son peque\u00f1os archivos de texto que se almacenan en su dispositivo cuando visita un sitio web. Estos archivos contienen informaci\u00f3n que se utiliza para mejorar su experiencia de navegaci\u00f3n y para proporcionarle servicios personalizados. \u00bfC\u00f3mo utilizamos las cookies? En Oceanvrent, utilizamos cookies para: Tipos de cookies&hellip;","_links":{"self":[{"href":"https:\/\/oceanvrent.com\/index.php\/wp-json\/wp\/v2\/pages\/836"}],"collection":[{"href":"https:\/\/oceanvrent.com\/index.php\/wp-json\/wp\/v2\/pages"}],"about":[{"href":"https:\/\/oceanvrent.com\/index.php\/wp-json\/wp\/v2\/types\/page"}],"author":[{"embeddable":true,"href":"https:\/\/oceanvrent.com\/index.php\/wp-json\/wp\/v2\/users\/1"}],"replies":[{"embeddable":true,"href":"https:\/\/oceanvrent.com\/index.php\/wp-json\/wp\/v2\/comments?post=836"}],"version-history":[{"count":4,"href":"https:\/\/oceanvrent.com\/index.php\/wp-json\/wp\/v2\/pages\/836\/revisions"}],"predecessor-version":[{"id":841,"href":"https:\/\/oceanvrent.com\/index.php\/wp-json\/wp\/v2\/pages\/836\/revisions\/841"}],"wp:attachment":[{"href":"https:\/\/oceanvrent.com\/index.php\/wp-json\/wp\/v2\/media?parent=836"}],"curies":[{"name":"wp","href":"https:\/\/api.w.org\/{rel}","templated":true}]}}